{"id":477,"date":"2024-12-01T13:05:58","date_gmt":"2024-12-01T12:05:58","guid":{"rendered":"https:\/\/moeslibruegg.ch\/?page_id=477"},"modified":"2026-01-13T22:37:19","modified_gmt":"2026-01-13T21:37:19","slug":"street-food-festival","status":"publish","type":"page","link":"https:\/\/moeslibruegg.ch\/?page_id=477","title":{"rendered":"Street Food Festival"},"content":{"rendered":"\n<p>Liebe Gartenfreunde<\/p>\n\n\n\n<p>Im 06. Juni 2026 m\u00f6chten wir gerne ein Garten Food Festival auf die Beine stellen.<\/p>\n\n\n\n<p>Ziel dieses Anlasses ist es, die verschiedenen Nationalit\u00e4ten unseres Gartens kulinarisch abzubilden und ein geselliges Zusammensein zu erm\u00f6glichen. Hierzu sind wir auf Ihre Hilfe angewiesen.<\/p>\n\n\n\n<p>Sind Sie interessiert daran, Spezialit\u00e4ten aus Ihrem Kulturkreis anzubieten?<\/p>\n\n\n\n<p>Gewisse Eckpunkte sind bereits bekannt:<\/p>\n\n\n\n<ul class=\"wp-block-list\">\n<li>Durchf\u00fchrung 06. Juni 2026<\/li>\n\n\n\n<li>Erhebung einer kleinen Standgeb\u00fchr<\/li>\n\n\n\n<li>Vorgabe f\u00fcr Preise pro Portion<\/li>\n\n\n\n<li>Verkaufserl\u00f6se gehen vollst\u00e4ndig zugunsten des Standbetreibers<\/li>\n\n\n\n<li>Kein Verkauf von Getr\u00e4nken (diese werden exklusiv vom Bistro verkauft)\n<ul class=\"wp-block-list\">\n<li>Ausnahmen k\u00f6nnen am Infoanlass besprochen werden<\/li>\n<\/ul>\n<\/li>\n<\/ul>\n\n\n\n<figure class=\"wp-block-image size-large is-resized\"><img loading=\"lazy\" decoding=\"async\" width=\"1024\" height=\"1024\" src=\"https:\/\/moeslibruegg.ch\/wp-content\/uploads\/2024\/12\/stalls-3452163_1280-1024x1024.png\" alt=\"\" class=\"wp-image-483\" style=\"width:317px;height:auto\" srcset=\"https:\/\/moeslibruegg.ch\/wp-content\/uploads\/2024\/12\/stalls-3452163_1280-1024x1024.png 1024w, https:\/\/moeslibruegg.ch\/wp-content\/uploads\/2024\/12\/stalls-3452163_1280-300x300.png 300w, https:\/\/moeslibruegg.ch\/wp-content\/uploads\/2024\/12\/stalls-3452163_1280-150x150.png 150w, https:\/\/moeslibruegg.ch\/wp-content\/uploads\/2024\/12\/stalls-3452163_1280-768x768.png 768w, https:\/\/moeslibruegg.ch\/wp-content\/uploads\/2024\/12\/stalls-3452163_1280.png 1280w\" sizes=\"auto, (max-width: 1024px) 100vw, 1024px\" \/><\/figure>\n\n\n\n<p>Nach Erhalt der Anmeldungen werden wir die genauen Rahmenbedingungen zusammen mit allen Interessenten an einem Infoanlass ende April 2026 bestimmen. An diesem Infoanlass werden wir den genauen Ablauf, die Standgeb\u00fchren und die Preise bestimmen.<\/p>\n\n\n\n<p>Wir werden einheitliche (eher kleine) Portionsgr\u00f6ssen mit einem bestimmten Preis vorgeben. So erhalten alle Besuchenden die M\u00f6glichkeit, ein diverses kulinarisches Angebot auszuprobieren.<\/p>\n\n\n\n<p>Bei Fragen k\u00f6nnen Sie uns via folgender Mailadresse kontaktieren: info@moeslibruegg.ch.<\/p>\n\n\n\n<p>Wir freuen uns \u00fcber zahlreiche Anmeldungen!<\/p>\n\n\n\n<p>Beste Gr\u00fcsse, Vorstand M\u00f6\u00f6sli-Br\u00fcgg<\/p>\n\n\n\n<p>Sie k\u00f6nnen sich entweder via unterstehendem Formular anmelden oder den Flyer herunterladen, ausf\u00fcllen und beim blauen Briefkasten beim Bistro einwerfen.<\/p>\n\n\n\n<div class=\"wp-block-group is-nowrap is-layout-flex wp-container-core-group-is-layout-64989fb1 wp-block-group-is-layout-flex\">\n<div class=\"wp-block-group\"><div class=\"wp-block-group__inner-container is-layout-constrained wp-block-group-is-layout-constrained\"><\/div><\/div>\n<\/div>\n\n\n\n<div class=\"wp-block-contact-form-7-contact-form-selector\">\n<div class=\"wpcf7 no-js\" id=\"wpcf7-f476-o1\" lang=\"de-DE\" dir=\"ltr\" data-wpcf7-id=\"476\">\n<div class=\"screen-reader-response\"><p role=\"status\" aria-live=\"polite\" aria-atomic=\"true\"><\/p> <ul><\/ul><\/div>\n<form action=\"\/index.php?rest_route=%2Fwp%2Fv2%2Fpages%2F477#wpcf7-f476-o1\" method=\"post\" class=\"wpcf7-form init\" aria-label=\"Kontaktformular\" novalidate=\"novalidate\" data-status=\"init\">\n<fieldset class=\"hidden-fields-container\"><input type=\"hidden\" name=\"_wpcf7\" value=\"476\" \/><input type=\"hidden\" name=\"_wpcf7_version\" value=\"6.1.5\" \/><input type=\"hidden\" name=\"_wpcf7_locale\" value=\"de_DE\" \/><input type=\"hidden\" name=\"_wpcf7_unit_tag\" value=\"wpcf7-f476-o1\" \/><input type=\"hidden\" name=\"_wpcf7_container_post\" value=\"0\" \/><input type=\"hidden\" name=\"_wpcf7_posted_data_hash\" value=\"\" \/>\n<\/fieldset>\n<p><label> Name<br \/>\n<span class=\"wpcf7-form-control-wrap\" data-name=\"your-name\"><input size=\"40\" maxlength=\"400\" class=\"wpcf7-form-control wpcf7-text wpcf7-validates-as-required\" autocomplete=\"name\" aria-required=\"true\" aria-invalid=\"false\" value=\"\" type=\"text\" name=\"your-name\" \/><\/span> <\/label>\n<\/p>\n<p><label> Vorname<br \/>\n<span class=\"wpcf7-form-control-wrap\" data-name=\"your-prename\"><input size=\"40\" maxlength=\"400\" class=\"wpcf7-form-control wpcf7-text wpcf7-validates-as-required\" autocomplete=\"prename\" aria-required=\"true\" aria-invalid=\"false\" value=\"\" type=\"text\" name=\"your-prename\" \/><\/span> <\/label>\n<\/p>\n<p><label> E-Mail-Adresse<br \/>\n<span class=\"wpcf7-form-control-wrap\" data-name=\"your-email\"><input size=\"40\" maxlength=\"400\" class=\"wpcf7-form-control wpcf7-email wpcf7-validates-as-required wpcf7-text wpcf7-validates-as-email\" autocomplete=\"email\" aria-required=\"true\" aria-invalid=\"false\" value=\"\" type=\"email\" name=\"your-email\" \/><\/span> <\/label>\n<\/p>\n<p><label> Telefonnummer<br \/>\n<span class=\"wpcf7-form-control-wrap\" data-name=\"your-phone\"><input size=\"40\" maxlength=\"400\" class=\"wpcf7-form-control wpcf7-text wpcf7-validates-as-required\" autocomplete=\"phone\" aria-required=\"true\" aria-invalid=\"false\" value=\"\" type=\"text\" name=\"your-phone\" \/><\/span> <\/label>\n<\/p>\n<p><label> Nationalit\u00e4t<br \/>\n<span class=\"wpcf7-form-control-wrap\" data-name=\"your-nationality\"><input size=\"40\" maxlength=\"400\" class=\"wpcf7-form-control wpcf7-text wpcf7-validates-as-required\" aria-required=\"true\" aria-invalid=\"false\" value=\"\" type=\"text\" name=\"your-nationality\" \/><\/span> <\/label>\n<\/p>\n<p><label> Was wollen sie Anbieten?<br \/>\n<span class=\"wpcf7-form-control-wrap\" data-name=\"your-message\"><textarea cols=\"40\" rows=\"10\" maxlength=\"2000\" class=\"wpcf7-form-control wpcf7-textarea\" aria-invalid=\"false\" name=\"your-message\"><\/textarea><\/span> <\/label>\n<\/p>\n<p><label> Parzellennummer (falls vorhanden)<br \/>\n<span class=\"wpcf7-form-control-wrap\" data-name=\"your-parzellen-nummer\"><input size=\"40\" maxlength=\"400\" class=\"wpcf7-form-control wpcf7-text wpcf7-validates-as-required\" aria-required=\"true\" aria-invalid=\"false\" value=\"\" type=\"text\" name=\"your-parzellen-nummer\" \/><\/span> <\/label>\n<\/p>\n<p><input class=\"wpcf7-form-control wpcf7-submit has-spinner\" type=\"submit\" value=\"Senden\" \/>\n<\/p><div class=\"wpcf7-response-output\" aria-hidden=\"true\"><\/div>\n<\/form>\n<\/div>\n<\/div>\n\n\n\n<details class=\"wp-block-details is-layout-flow wp-block-details-is-layout-flow\" open><summary>Garten Food Festival Flyer<\/summary>\n<div data-wp-interactive=\"core\/file\" class=\"wp-block-file\"><object data-wp-bind--hidden=\"!state.hasPdfPreview\" hidden class=\"wp-block-file__embed\" data=\"https:\/\/moeslibruegg.ch\/wp-content\/uploads\/2026\/01\/2026_Garten-Food-Festival_D-1.pdf\" type=\"application\/pdf\" style=\"width:100%;height:600px\" aria-label=\"Einbettung von 2026_Garten Food Festival_D.\"><\/object><a id=\"wp-block-file--media-b531aa77-a68e-4be7-b70e-99152ccb94eb\" href=\"https:\/\/moeslibruegg.ch\/wp-content\/uploads\/2026\/01\/2026_Garten-Food-Festival_D-1.pdf\" target=\"_blank\" rel=\"noreferrer noopener\">2026_Garten Food Festival_D<\/a><a href=\"https:\/\/moeslibruegg.ch\/wp-content\/uploads\/2026\/01\/2026_Garten-Food-Festival_D-1.pdf\" class=\"wp-block-file__button wp-element-button\" download aria-describedby=\"wp-block-file--media-b531aa77-a68e-4be7-b70e-99152ccb94eb\">Herunterladen<\/a><\/div>\n<\/details>\n\n\n\n<div data-wp-interactive=\"core\/file\" class=\"wp-block-file\"><object data-wp-bind--hidden=\"!state.hasPdfPreview\" hidden class=\"wp-block-file__embed\" data=\"https:\/\/moeslibruegg.ch\/wp-content\/uploads\/2026\/01\/2026_Garten-Food-Festival_F.pdf\" type=\"application\/pdf\" style=\"width:100%;height:600px\" aria-label=\"Einbettung von 2026_Garten Food Festival_F.\"><\/object><a id=\"wp-block-file--media-473f2a4d-3a70-4ce7-b487-37dbf2ad8b95\" href=\"https:\/\/moeslibruegg.ch\/wp-content\/uploads\/2026\/01\/2026_Garten-Food-Festival_F.pdf\">2026_Garten Food Festival_F<\/a><a href=\"https:\/\/moeslibruegg.ch\/wp-content\/uploads\/2026\/01\/2026_Garten-Food-Festival_F.pdf\" class=\"wp-block-file__button wp-element-button\" download aria-describedby=\"wp-block-file--media-473f2a4d-3a70-4ce7-b487-37dbf2ad8b95\">Herunterladen<\/a><\/div>\n","protected":false},"excerpt":{"rendered":"<p>Liebe Gartenfreunde Im 06. Juni 2026 m\u00f6chten wir gerne ein Garten Food Festival auf die Beine stellen. Ziel dieses Anlasses ist es, die verschiedenen Nationalit\u00e4ten unseres Gartens kulinarisch abzubilden und ein geselliges Zusammensein zu erm\u00f6glichen. Hierzu sind wir auf Ihre &hellip; <a href=\"https:\/\/moeslibruegg.ch\/?page_id=477\">Weiterlesen <span class=\"meta-nav\">&rarr;<\/span><\/a><\/p>\n","protected":false},"author":1,"featured_media":0,"parent":0,"menu_order":0,"comment_status":"closed","ping_status":"closed","template":"","meta":{"footnotes":""},"class_list":["post-477","page","type-page","status-publish","hentry"],"_links":{"self":[{"href":"https:\/\/moeslibruegg.ch\/index.php?rest_route=\/wp\/v2\/pages\/477","targetHints":{"allow":["GET"]}}],"collection":[{"href":"https:\/\/moeslibruegg.ch\/index.php?rest_route=\/wp\/v2\/pages"}],"about":[{"href":"https:\/\/moeslibruegg.ch\/index.php?rest_route=\/wp\/v2\/types\/page"}],"author":[{"embeddable":true,"href":"https:\/\/moeslibruegg.ch\/index.php?rest_route=\/wp\/v2\/users\/1"}],"replies":[{"embeddable":true,"href":"https:\/\/moeslibruegg.ch\/index.php?rest_route=%2Fwp%2Fv2%2Fcomments&post=477"}],"version-history":[{"count":12,"href":"https:\/\/moeslibruegg.ch\/index.php?rest_route=\/wp\/v2\/pages\/477\/revisions"}],"predecessor-version":[{"id":830,"href":"https:\/\/moeslibruegg.ch\/index.php?rest_route=\/wp\/v2\/pages\/477\/revisions\/830"}],"wp:attachment":[{"href":"https:\/\/moeslibruegg.ch\/index.php?rest_route=%2Fwp%2Fv2%2Fmedia&parent=477"}],"curies":[{"name":"wp","href":"https:\/\/api.w.org\/{rel}","templated":true}]}}

<p>Liebe Gartenfreunde</p>



<p>Im 06. Juni 2026 möchten wir gerne ein Garten Food Festival auf die Beine stellen.</p>



<p>Ziel dieses Anlasses ist es, die verschiedenen Nationalitäten unseres Gartens kulinarisch abzubilden und ein geselliges Zusammensein zu ermöglichen. Hierzu sind wir auf Ihre Hilfe angewiesen.</p>



<p>Sind Sie interessiert daran, Spezialitäten aus Ihrem Kulturkreis anzubieten?</p>



<p>Gewisse Eckpunkte sind bereits bekannt:</p>



<ul class="wp-block-list">
<li>Durchführung 06. Juni 2026</li>



<li>Erhebung einer kleinen Standgebühr</li>



<li>Vorgabe für Preise pro Portion</li>



<li>Verkaufserlöse gehen vollständig zugunsten des Standbetreibers</li>



<li>Kein Verkauf von Getränken (diese werden exklusiv vom Bistro verkauft)
<ul class="wp-block-list">
<li>Ausnahmen können am Infoanlass besprochen werden</li>
</ul>
</li>
</ul>



<figure class="wp-block-image size-large is-resized"><img loading="lazy" decoding="async" width="1024" height="1024" src="https://moeslibruegg.ch/wp-content/uploads/2024/12/stalls-3452163_1280-1024x1024.png" alt="" class="wp-image-483" style="width:317px;height:auto" srcset="https://moeslibruegg.ch/wp-content/uploads/2024/12/stalls-3452163_1280-1024x1024.png 1024w, https://moeslibruegg.ch/wp-content/uploads/2024/12/stalls-3452163_1280-300x300.png 300w, https://moeslibruegg.ch/wp-content/uploads/2024/12/stalls-3452163_1280-150x150.png 150w, https://moeslibruegg.ch/wp-content/uploads/2024/12/stalls-3452163_1280-768x768.png 768w, https://moeslibruegg.ch/wp-content/uploads/2024/12/stalls-3452163_1280.png 1280w" sizes="auto, (max-width: 1024px) 100vw, 1024px" /></figure>



<p>Nach Erhalt der Anmeldungen werden wir die genauen Rahmenbedingungen zusammen mit allen Interessenten an einem Infoanlass ende April 2026 bestimmen. An diesem Infoanlass werden wir den genauen Ablauf, die Standgebühren und die Preise bestimmen.</p>



<p>Wir werden einheitliche (eher kleine) Portionsgrössen mit einem bestimmten Preis vorgeben. So erhalten alle Besuchenden die Möglichkeit, ein diverses kulinarisches Angebot auszuprobieren.</p>



<p>Bei Fragen können Sie uns via folgender Mailadresse kontaktieren: info@moeslibruegg.ch.</p>



<p>Wir freuen uns über zahlreiche Anmeldungen!</p>



<p>Beste Grüsse, Vorstand Möösli-Brügg</p>



<p>Sie können sich entweder via unterstehendem Formular anmelden oder den Flyer herunterladen, ausfüllen und beim blauen Briefkasten beim Bistro einwerfen.</p>



<div class="wp-block-group is-nowrap is-layout-flex wp-container-core-group-is-layout-64989fb1 wp-block-group-is-layout-flex">
<div class="wp-block-group"><div class="wp-block-group__inner-container is-layout-constrained wp-block-group-is-layout-constrained"></div></div>
</div>



<div class="wp-block-contact-form-7-contact-form-selector">
<div class="wpcf7 no-js" id="wpcf7-f476-o1" lang="de-DE" dir="ltr" data-wpcf7-id="476">
<div class="screen-reader-response"><p role="status" aria-live="polite" aria-atomic="true"></p> <ul></ul></div>
<form action="/index.php?rest_route=%2Fwp%2Fv2%2Fpages%2F477#wpcf7-f476-o1" method="post" class="wpcf7-form init" aria-label="Kontaktformular" novalidate="novalidate" data-status="init">
<fieldset class="hidden-fields-container"><input type="hidden" name="_wpcf7" value="476" /><input type="hidden" name="_wpcf7_version" value="6.1.5" /><input type="hidden" name="_wpcf7_locale" value="de_DE" /><input type="hidden" name="_wpcf7_unit_tag" value="wpcf7-f476-o1" /><input type="hidden" name="_wpcf7_container_post" value="0" /><input type="hidden" name="_wpcf7_posted_data_hash" value="" />
</fieldset>
<p><label> Name<br />
<span class="wpcf7-form-control-wrap" data-name="your-name"><input size="40" maxlength="400" class="wpcf7-form-control wpcf7-text wpcf7-validates-as-required" autocomplete="name" aria-required="true" aria-invalid="false" value="" type="text" name="your-name" /></span> </label>
</p>
<p><label> Vorname<br />
<span class="wpcf7-form-control-wrap" data-name="your-prename"><input size="40" maxlength="400" class="wpcf7-form-control wpcf7-text wpcf7-validates-as-required" autocomplete="prename" aria-required="true" aria-invalid="false" value="" type="text" name="your-prename" /></span> </label>
</p>
<p><label> E-Mail-Adresse<br />
<span class="wpcf7-form-control-wrap" data-name="your-email"><input size="40" maxlength="400" class="wpcf7-form-control wpcf7-email wpcf7-validates-as-required wpcf7-text wpcf7-validates-as-email" autocomplete="email" aria-required="true" aria-invalid="false" value="" type="email" name="your-email" /></span> </label>
</p>
<p><label> Telefonnummer<br />
<span class="wpcf7-form-control-wrap" data-name="your-phone"><input size="40" maxlength="400" class="wpcf7-form-control wpcf7-text wpcf7-validates-as-required" autocomplete="phone" aria-required="true" aria-invalid="false" value="" type="text" name="your-phone" /></span> </label>
</p>
<p><label> Nationalität<br />
<span class="wpcf7-form-control-wrap" data-name="your-nationality"><input size="40" maxlength="400" class="wpcf7-form-control wpcf7-text wpcf7-validates-as-required" aria-required="true" aria-invalid="false" value="" type="text" name="your-nationality" /></span> </label>
</p>
<p><label> Was wollen sie Anbieten?<br />
<span class="wpcf7-form-control-wrap" data-name="your-message"><textarea cols="40" rows="10" maxlength="2000" class="wpcf7-form-control wpcf7-textarea" aria-invalid="false" name="your-message"></textarea></span> </label>
</p>
<p><label> Parzellennummer (falls vorhanden)<br />
<span class="wpcf7-form-control-wrap" data-name="your-parzellen-nummer"><input size="40" maxlength="400" class="wpcf7-form-control wpcf7-text wpcf7-validates-as-required" aria-required="true" aria-invalid="false" value="" type="text" name="your-parzellen-nummer" /></span> </label>
</p>
<p><input class="wpcf7-form-control wpcf7-submit has-spinner" type="submit" value="Senden" />
</p><div class="wpcf7-response-output" aria-hidden="true"></div>
</form>
</div>
</div>



<details class="wp-block-details is-layout-flow wp-block-details-is-layout-flow" open><summary>Garten Food Festival Flyer</summary>
<div data-wp-interactive="core/file" class="wp-block-file"><object data-wp-bind--hidden="!state.hasPdfPreview" hidden class="wp-block-file__embed" data="https://moeslibruegg.ch/wp-content/uploads/2026/01/2026_Garten-Food-Festival_D-1.pdf" type="application/pdf" style="width:100%;height:600px" aria-label="Einbettung von 2026_Garten Food Festival_D."></object><a id="wp-block-file--media-b531aa77-a68e-4be7-b70e-99152ccb94eb" href="https://moeslibruegg.ch/wp-content/uploads/2026/01/2026_Garten-Food-Festival_D-1.pdf" target="_blank" rel="noreferrer noopener">2026_Garten Food Festival_D</a><a href="https://moeslibruegg.ch/wp-content/uploads/2026/01/2026_Garten-Food-Festival_D-1.pdf" class="wp-block-file__button wp-element-button" download aria-describedby="wp-block-file--media-b531aa77-a68e-4be7-b70e-99152ccb94eb">Herunterladen</a></div>
</details>



<div data-wp-interactive="core/file" class="wp-block-file"><object data-wp-bind--hidden="!state.hasPdfPreview" hidden class="wp-block-file__embed" data="https://moeslibruegg.ch/wp-content/uploads/2026/01/2026_Garten-Food-Festival_F.pdf" type="application/pdf" style="width:100%;height:600px" aria-label="Einbettung von 2026_Garten Food Festival_F."></object><a id="wp-block-file--media-473f2a4d-3a70-4ce7-b487-37dbf2ad8b95" href="https://moeslibruegg.ch/wp-content/uploads/2026/01/2026_Garten-Food-Festival_F.pdf">2026_Garten Food Festival_F</a><a href="https://moeslibruegg.ch/wp-content/uploads/2026/01/2026_Garten-Food-Festival_F.pdf" class="wp-block-file__button wp-element-button" download aria-describedby="wp-block-file--media-473f2a4d-3a70-4ce7-b487-37dbf2ad8b95">Herunterladen</a></div>

<p>Liebe Gartenfreunde Im 06. Juni 2026 möchten wir gerne ein Garten Food Festival auf die Beine stellen. Ziel dieses Anlasses ist es, die verschiedenen Nationalitäten unseres Gartens kulinarisch abzubilden und ein geselliges Zusammensein zu ermöglichen. Hierzu sind wir auf Ihre &hellip; <a href="https://moeslibruegg.ch/?page_id=477">Weiterlesen <span class="meta-nav">&rarr;</span></a></p>
